
25
Let h = 3348 - 3338. Let a = -391 + 71. What is the remainder when 75 is divided by 1/(-2)*a/h?
11
Let g = -2958 + 2975. Suppose c + 50 = v + 2*c, 3*c + 90 = 2*v. What is the remainder when v is divided by g?
14
Suppose k + 56 = 2*u - 3*k, -100 = -4*u + 2*k. Let v = -9 + u. Suppose -5*f + v + 40 = 0. What is the remainder when 27 is divided by f?
5
Let l(b) = -b**3 + 44*b - 11. Let z be l(-7). What is the remainder when 20 - 40/(z/3) is divided by 5?
0
Suppose -3*h + 11 = -28. Suppose 3*b + 6 = -0*r + 3*r, -5*r - 5*b = -10. Suppose 9*c + r - 29 = 0. Calculate the remainder when h is divided by c.
1
Suppose -177*w + 182*w = -5. What is the remainder when (-42 + w)/(24/(-48)) is divided by 46?
40
Let o be (-47 - 2/2) + -2 + -1. Calculate the remainder when (-8)/28 + o/(-7) is divided by (-3)/((-9)/(-12)) - -6.
1
Suppose 3*a = 22 - 898. Let y = 276 + -471. Let q = y - a. What is the remainder when q is divided by 14?
13
Let h be 6/(-8) - (-35301)/28. What is the remainder when (6*2/(-30))/((-2)/h) is divided by 32?
28
Suppose 0 = -26*x + 23*x + 63. Suppose -4*k + x*k = 204. Calculate the remainder when 44 is divided by k.
8
What is the remainder when -2 + 7 - (-4)/((-40)/(-3270)) is divided by 93?
53
Suppose 111 = 3*a + b - 396, -3*a = -4*b - 522. What is the remainder when a is divided by 20?
10
Suppose 2*w - 2*v = 528, -13*v = 3*w - 18*v - 790. What is the remainder when w is divided by 70?
55
Suppose -5*t + 25 = 0, 3*q + 14 = 18*t - 17*t. Calculate the remainder when (q/9)/(7/(-7665)) is divided by 23.
20
Suppose 21*z + 21*z - 5136 = -172*z. What is the remainder when 680 is divided by z?
8
Suppose -4*i = 5*f + 192, -6*f = -2*f. Let y = 145 - i. What is the remainder when y is divided by 33?
28
Calculate the remainder when 1596 is divided by (16/3)/(((-64)/(-12) - 6)/(-2)).
12
Suppose 4998 - 385 = 32*q - 3035. Let k = -25 + 89. What is the remainder when q is divided by k?
47
Let p be -5 + (-105)/(-7) + 3*1. Suppose p*k - 15*k - 90 = 0. What is the remainder when 10/k + 411/27 + -2 is divided by 8?
5
Suppose -29 = -3*q + 7. Suppose q*u - 4*u = 16. Suppose 0*x + 4*m = -x + 29, u*x + m = 44. Calculate the remainder when x is divided by 8.
5
Suppose -11*q - 15*q = -4679 + 1013. Calculate the remainder when 3522 is divided by q.
138
Suppose 3*r + 3*s = 744, 3*r - 49*s - 749 = -47*s. Suppose 0 = 4*f - 3*f - 42. Calculate the remainder when r is divided by f.
39
Suppose -25*o + 247954 = -132413 + 20142. Calculate the remainder when o is divided by 155.
149
Let x(r) = r**2 + 4*r + 5. Let h be 3/(-2)*5*16/120. Let g(v) = -15*v + 4. Calculate the remainder when x(4) is divided by g(h).
18
Calculate the remainder when (-62)/(-1)*(-2 + (-25)/(-10))*37 is divided by 64.
59
Suppose 131*l + 1512 = 173*l. Calculate the remainder when 575 is divided by l.
35
Let l = 265 - 260. Suppose 162 = l*o + 2*h, -7 = 5*h + 13. What is the remainder when 97 is divided by o?
29
Let m = -185 + 280. Let b(t) = t**2 + 17*t + 63. What is the remainder when m is divided by b(-15)?
29
Calculate the remainder when 193 is divided by ((-16)/24)/((-32)/7344).
40
Let c = -24 + 53. Let t(u) = 52*u**3 - u**2. Let z be t(-1). Let b = z - -59. Calculate the remainder when c is divided by b.
5
Suppose m + 85 = 2*i, 63*i - 5*m = 64*i - 4. Calculate the remainder when 1479 is divided by i.
36
Let b(l) = -l**3 - l**2 + 3*l + 5. Suppose q = 5*q. Let v be b(q). Calculate the remainder when 77 is divided by (-8)/20 - (-102)/v.
17
Suppose 48*y = 13*y + 15890. Let t = -23 + y. What is the remainder when t is divided by 16?
15
Suppose 17*u - 16*u - 3 = 0. Suppose -2*h - u*d - 23 = -116, -135 = -3*h - 3*d. What is the remainder when 119 is divided by h?
35
Suppose -121*w = -5896 - 3179. What is the remainder when 55647 is divided by w?
72
Suppose -5*k - 2*b = -50, -4*k + 2*b + 57 = 7*b. Suppose 7 + k = 5*d. Suppose 12 = d*u - 246. Calculate the remainder when u is divided by 15.
11
Suppose -10*r + 12*r - 4*i - 54 = 0, -3*r - 22*i - 115 = 0. Calculate the remainder when 541 is divided by r.
8
Suppose -10*p + 834 = 104. Calculate the remainder when 95 is divided by p.
22
Suppose 0 = 4*d + 5*w - 50, 4*d - 30 = 3*w + 2*w. Calculate the remainder when 572/6 + 2/3 is divided by d.
6
Suppose -1873 + 337 = -8*t. Suppose 27*m - t = 23*m. What is the remainder when m is divided by 26?
22
What is the remainder when 315 is divided by -303 + 377 - (-8 + 2/(-2))?
66
Suppose -468*i + 25 = -473*i. Calculate the remainder when 38 is divided by (-19 + -2)*(i + 4 - 0).
17
Let l = -36 + 69. What is the remainder when l is divided by (-292)/(-48) - (-13)/(-156)?
3
Suppose -11*o = -8*o - 18. Let l be (4 - 1) + -88*o/(-12). Suppose 44*k + 231 = l*k. Calculate the remainder when k is divided by 16.
13
Calculate the remainder when 13281 is divided by (-304 + 478)*(-2)/(-12).
28
Calculate the remainder when 2463 is divided by ((-24)/(-84))/((-8)/203)*-4.
27
Suppose -1505*p - 1925 = -1512*p. Calculate the remainder when p is divided by 29.
14
Suppose x = 3*g + 1735, 88*g - 86*g + 6880 = 4*x. Calculate the remainder when x is divided by 213.
13
Let f(s) = s**3 + 5*s**2 + 15*s + 44. Let k be f(-4). What is the remainder when 27 is divided by k + (4 - 1) - (-3 + -1)?
6
Suppose -3*b = 930 - 4533. Suppose -2*h - 2*u = -600, -h + 5*u = -5*h + b. Let l = 457 - h. Calculate the remainder when l is divided by 32.
30
Suppose 25*l + 1915 = 3551 + 2314. What is the remainder when l is divided by 156?
2
Suppose -g + 12 = -o - 9, 46 = 2*g + 2*o. Let s = 16 + -16. Suppose 0*t = -3*t + d + 191, s = t - d - 63. What is the remainder when t is divided by g?
20
Suppose -3*g + 1388 = g - 4*z, z - 1413 = -4*g. Calculate the remainder when g is divided by 6.
4
Let r be (-240)/(-70)*(6/3 + 5). Calculate the remainder when 46 is divided by r - ((-64)/48 + (-8)/(-6)).
22
Suppose 5*f - 1631 = -2*v, 2*f - 3*v = 195 + 446. Calculate the remainder when 1314 is divided by f.
14
Let q(m) = 18*m + 7. Let i be q(3). Let p = -59 + i. Suppose p*n - 3*n - 5*h = -52, 2*n + 5*h = 114. Calculate the remainder when n is divided by 13.
10
Suppose -197 + 187 = -5*x. Suppose 192 = q - 3*v - 2*v, x*q + 4*v - 356 = 0. Calculate the remainder when q is divided by 47.
41
Let k(h) = h**3 - 2*h**2 - 2*h + 3. Let x = -36 - -59. Let v = 29 - x. Calculate the remainder when k(v) is divided by 34.
33
Let u = 78 + -46. Let t(m) = -m**2 - 14*m - 16. Let i(n) = n**2 - 6*n - 6. Let j be i(5). What is the remainder when u is divided by t(j)?
15
Suppose 38*q - 43*q + 15 = 0. Suppose -16 = -5*i + u - q*u, 2*u = 3*i. Calculate the remainder when 6 is divided by i.
0
Let l(u) = -8*u + 6. Let k(c) = c**3 + 3*c**2 - 5*c - 4. Let y be k(-3). Let s be l(y). Let b = -55 - s. Calculate the remainder when 80 is divided by b.
26
Calculate the remainder when 18/15 + (-126399)/(-105) is divided by 172.
1
Let u(j) = j**3 + 14*j**2 + j + 26. Let m be u(-14). Suppose -3*s = -s + m. Let n(x) = 2*x + 20. Calculate the remainder when 63 is divided by n(s).
7
Let o = 138 - 92. Suppose 20*s - 48*s + 5404 = 0. Suppose -9*i = -5*j - 4*i + 460, 0 = -2*j + 5*i + s. What is the remainder when j is divided by o?
43
Let s be (-6)/((-22)/7 + (2 - -1)). Let f be 1 + (-33)/(-21) + 18/s. Suppose -y = -f - 34. Calculate the remainder when y is divided by 13.
11
Let o(q) = q**3 + 5*q**2 - 3*q. Calculate the remainder when o(-4) is divided by (-522)/(-216) + 8/(-12) - (-481)/52.
6
Calculate the remainder when 101 is divided by (117/(-6)*((-48)/9)/8)/1.
10
Suppose 0*h - 4*h = -3*h. Suppose h = -6*m - 4*m + 340. Calculate the remainder when m is divided by 9.
7
Let f(i) be the second derivative of -i**3/3 + 6*i**2 - i. Let m be f(5). Suppose m*q = q + 22. Calculate the remainder when 64 is divided by q.
20
Let y = 83 - 55. Suppose -3*k + a + 82 = -139, 0 = k - 3*a - 63. Suppose 0 = -16*i + 11*i + k. What is the remainder when y is divided by i?
13
Suppose -5*h - 4*s + 41 = 0, -2*s + 9 - 46 = -9*h. What is the remainder when 749 is divided by h?
4
Let w(o) = 19*o**2 + o - 20*o + 38 + 3*o**3 - 4*o**3 - 10. What is the remainder when 147 is divided by w(18)?
7
Suppose -2*y = -5*g + g + 104, -5*g - 3*y = -108. Let n = 14 + -10. Calculate the remainder when g is divided by (n/8)/(1/32).
8
Let q(h) = 5*h**3 - 6*h**